e
Let i = -4 - -2. Is 1/(i/59966)*-1 prime?
True
Suppose 2*r - 2782787 = -3*k, -13*r + 16*r = -k + 927598. Is k a composite number?
True
Let o(y) = 4*y**2 + 4*y - 7. Let w(a) = 3*a**2 + 33*a + 36. Let i(r) = 2*r**2 + 22*r + 24. Let t(p) = 8*i(p) - 5*w(p). Let b be t(-9). Is o(b) composite?
False
Suppose -2*j + 68 = 4*w, -4*w + 95 - 15 = 5*j. Suppose w*a - 44 = 4*a. Is (-110139)/(-15) + a*3/30 a composite number?
True
Let j be (-1 - -29) + 4 - 4. Let o = j - -2. Is (-4)/10 + 97842/o composite?
True
Suppose -964*a = -881*a - 24081371. Is a composite?
False
Suppose a - 5*b = -a + 6867851, -5*b - 13735737 = -4*a. Is a prime?
True
Suppose -4*i = -3*p - 10, -12*p = -16*p + 3*i - 4. Suppose -12*x + 13*x - p*k = 17541, 0 = 4*x + 3*k - 70219. Is x a prime number?
True
Let k(g) be the first derivative of 139*g**3/3 - 13*g**2 - 31*g - 240. Is k(8) a prime number?
False
Let o(y) be the third derivative of -59*y**5/60 + y**4/12 + y**3/2 - 36*y**2. Let z be o(-1). Let n = 117 + z. Is n composite?
False
Let j = -49312 + 116163. Is j composite?
False
Let a(t) = t**3 - 13*t**2 + 21*t - 22. Let w(s) = 9*s + 66. Let n be w(-5). Is a(n) a composite number?
False
Let z = 4008 + 7199. Let v = z - 7870. Is v a composite number?
True
Suppose 8*w - 111 = -23. Suppose -3*v = -w + 5. Suppose -v*j + 6040 = 2*a, -7*j + 2*j = -a - 15094. Is j a composite number?
False
Let a(w) = 124*w**2 + 13*w - 82. Is a(-7) a composite number?
False
Let o be (-2)/(-18) - (-5 + 66566/18). Let a = o + 11000. Is a prime?
True
Suppose -5*a - 8*a + 15691 = 0. Suppose -a - 283 = -10*y. Is y a composite number?
False
Let g be (-15)/(-9) + 1/3. Suppose -g*c = 5*f - 5427, -2673 - 577 = -3*f + 5*c. Let a = f - 498. Is a a prime number?
True
Let q(u) be the third derivative of -u**5/60 + 5*u**4/8 + 13*u**3/6 - 9*u**2. Is q(8) a prime number?
False
Suppose 19*b - 15*b = -16. Let m(q) = -q**3 + 3*q**2 - 10*q - 7. Is m(b) a composite number?
True
Let n be (6 + 13/(-2))*0. Suppose n = -37*q + 363620 + 35943. Is q prime?
True
Let t be -5*(-30)/(-25) - (-40)/4. Suppose 3*m = -t*u + 5950, 2*m - 1318 - 2645 = u. Is m prime?
False
Let t(n) = 110*n**2 + 20*n - 107. Suppose -328 + 433 = 7*s. Is t(s) a composite number?
False
Is (-66245998)/(-224) - 8/128 composite?
True
Let g(x) = x**3 - 28*x**2 - 62*x + 69. Let l be g(30). Let r(u) = 183*u + 74. Is r(l) a composite number?
False
Let j = -38 + 36. Let a be (-1341)/j - (-30)/20. Suppose -2*q = -a + 142. Is q a prime number?
False
Let d be 1/(3 + 287/(-98)). Suppose 20*y + d*y = 8806. Is y a composite number?
True
Let q = 21367 - 20174. Let m = -1370 + 808. Let o = m + q. Is o a composite number?
False
Suppose -12 = -21*j + 27*j. Let h be (77 + 2)/((-4)/(-328)*j). Let t = -1404 - h. Is t a prime number?
False
Is (204090/(-43 + 13))/(0 + -1) a composite number?
False
Let i(n) = n**2 + 9*n. Let w be i(-4). Let u be 9/(-12) + (-25735)/w. Is 3/12 - u/(-8) a composite number?
True
Suppose -j + 5*g = -14, -4*g + 0*g = -5*j + 28. Suppose -j*v + 3*u = -3517, 0*v - 862 = -v - 5*u. Let x = v - -2884. Is x prime?
True
Let s = 64 - -24. Suppose -3*x + 10 = s. Let z = x + 88. Is z a prime number?
False
Let f = -760 - -752. Is ((-94)/f)/((165/(-88))/(-15)) a prime number?
False
Let d = -579172 - -825657. Is d composite?
True
Suppose 1761678 = 15*o + 24*o - 21*o. Is o a prime number?
True
Suppose -3*p = -4*w + 504341, w - 5*p = -2*w + 378242. Is w a composite number?
True
Let q = 50179 - -603. Is q composite?
True
Suppose 19998050 = 1908*r - 1858*r. Is r a composite number?
True
Suppose 4*y + 39 - 87 = 0. Let t be (-1*(-36)/15)/(y/40). Suppose -t*j + 7*j = -751. Is j prime?
True
Suppose -2*t + 18 = 4*t. Suppose 4*l - 26 = -3*j, 0*j = -t*l + 2*j + 11. Is (1 + 0)/(6*l/34140) composite?
True
Suppose 12*f + 164008 = 6136. Let p = -4269 - f. Is p prime?
True
Let i(u) = 2*u**2 + 22*u + 4*u**3 + 6*u - 12*u + 4*u**2 - 17. Is i(7) composite?
True
Let d(f) = 5*f + 52. Let c be d(7). Let x = -83 + c. Suppose -n = n, -x*z + 3*n + 3916 = 0. Is z a prime number?
False
Suppose -3*m + 4247 - 11706 = -g, 22367 = 3*g - 4*m. Is g a prime number?
False
Let o be ((-543)/6)/(4 - 3228/808). Let l = -9775 - o. Suppose 0 = -4*p - 2*u + l, 0 = -10*p + 6*p - u + 8511. Is p a composite number?
False
Let n = -225 + 277. Suppose -n*b - 23946 = -184366. Is b prime?
False
Let w = -258213 + 392785. Suppose 23*l = 324439 + w. Is l prime?
False
Let n be ((-37632)/10)/(51/(-1785)). Suppose -57278 = -10*z + n. Is z a composite number?
False
Suppose 0 = 4*q - 468003 - 533273. Is q a composite number?
True
Let r(o) = o**2 - 12*o - 7. Let j be r(6). Let k = j + 414. Is k a composite number?
True
Let a = -49203 - -285512. Is a a composite number?
True
Suppose 32002952 = -152*w + 450*w - 115860774. Is w a composite number?
False
Suppose -2*m - 19651 = -f, -2*f + 2*m + 58973 = f. Is f composite?
False
Suppose -46*v - 4 = -44*v. Let p = -6 - -145. Is 10/(-20) - p/v prime?
False
Suppose b + i = 2*b + 4, -3*b - 8 = -2*i. Let l(g) be the second derivative of g**5/20 - g**4/12 - g**3/6 + 347*g**2/2 + 6*g. Is l(b) a prime number?
True
Let x(i) = 5*i**2 - 25*i + 2. Let m be x(5). Suppose -m*b = 822 - 3620. Is b composite?
False
Let b(u) = 117*u**2 - 137*u - 13. Is b(15) composite?
True
Suppose 10*p - 195464 = 2630006. Is p prime?
False
Let z be ((-12075)/6 - -2)/(3/12). Let w = -3105 - z. Is w a prime number?
True
Let w = -1775 - -3333. Suppose w - 6224 = -2*b. Is b composite?
False
Let o = -102221 + 160024. Is o prime?
True
Let k = 3 - 8. Let z(m) = 2*m**2 - 41*m + 72. Let i(v) = -v**2 + 30*v - 48. Let q(w) = 7*i(w) + 5*z(w). Is q(k) a composite number?
True
Suppose 201 = 3*n + 186. Suppose -n*v + 984 = -1271. Is v composite?
True
Suppose 0 = 4*o - 4*k - 108908, -o + k + 27212 = 3*k. Suppose 17*d = 4*d + o. Suppose 4*f - 2*z = 4204, z - d = -2*f - 0*z. Is f a prime number?
True
Suppose 15*w + 2*h = 14*w - 11, -5*w - 2*h = 71. Is 1842 - (w/(-6))/(2/(-4)) composite?
False
Suppose 5108783 + 87169183 = 66*n. Is n composite?
False
Let c(y) = -2*y**2 + 47*y + 85. Let z be c(25). Is (-414932)/(-145) - 6/z a prime number?
True
Let f = 200132 - -18599. Is f a composite number?
True
Is 3/(-4)*12/99 - (-945540)/22 prime?
True
Suppose -3*q - 3*l - 108 = -6*l, -4*q = 3*l + 172. Let s be q/12*(-3 - 0). Is (-24861)/(-15) + (-4)/s composite?
False
Let h(w) = -w**2 - 4*w + 8. Let r be h(-5). Suppose 0 = -r*j - 3*i - 143 + 725, j - 5*i = 224. Is j a composite number?
False
Suppose n - 5*j = 28215, -n + 3*j = -j - 28211. Is n composite?
True
Suppose 25*c - 3382825 - 1523350 = 0. Is c composite?
False
Is 4/22 + 0 + (-499204326)/(-4994) a composite number?
False
Suppose -428 = 2*y + 5*q, 4*y - y - q + 625 = 0. Let h = 304 + -8. Let w = h + y. Is w a composite number?
True
Let l = 11989 - -115954. Is l prime?
False
Suppose 27680484 = 24*f + 132*f. Is f prime?
False
Is (-2 + (0 + -1 - -1))*(-882468)/216 prime?
True
Let z(a) = 29*a**2 - 8*a + 27. Let v be z(-11). Let q = -1777 + v. Is q composite?
False
Let t(q) = 41*q**3 - 2*q**2 + 24*q + 26. Let f(l) = -9 + 2*l**2 - 8*l - 17*l**3 + 3*l**3 + 0*l**2 - l**2. Let g(h) = 11*f(h) + 4*t(h). Is g(8) composite?
False
Let a(f) = 140211*f + 1000. Is a(3) composite?
False
Let q(w) = 80*w**3 + 3*w**2 - 97*w + 429. Is q(14) composite?
True
Let s be -5 + -1 + 1 + 1. Let w be (s - (-564)/3)/2. Let y = w + 405. Is y prime?
False
Suppose 0 = -2*q - 5*y - 9043, -4*q - 3*y - 22578 + 4499 = 0. Let b = q - -12336. Is b composite?
False
Suppose -45*f = -44*f - 3*z - 754572, 4*z - 12 = 0. Is f prime?
False
Let p = -214 + 96. Let z = 383 + p. Is z a prime number?
False
Let d(f) be the second derivative of 167*f**4/12 - f**3/3 + 3*f**2/2 + 31*f. Is d(2) a composite number?
True
Suppose -138*s + 126*s = 72. Is -4*s/(-4) - (31 - 3720) prime?
False
Let s(l) = -18*l + 8. Let x be s(2). Let j = x + 32. Is 38/j*22/1 a composite number?
True
Let k(b) = -7*b**3 - 45*b**2 - 6*b - 59. Let f(g) = -8*g**3 - 46*g**2 - 7*g - 58. Let n(j) = 6*f(j) - 7*k(j). Is n(-31) a composite number?
False
Let b(u) = 4*u + u + 3 + 4*u. Let a be b(-1). Is 685/1 - (a/(-3) - 2) composite?
True
Suppose 5*c + a = 7*c + 21, -2*c = -5*a + 17. Is ((-33)/(-3))/(c/(-3641)) composite?
True
Let t(c) = 991*c**2 + 3*c - 5. Suppose 27*v - 90*v = -189. Is t(v)